{"id":139,"date":"2017-11-27T06:15:15","date_gmt":"2017-11-27T06:15:15","guid":{"rendered":"http:\/\/demo.sparklewpthemes.com\/kingcabs\/?page_id=139"},"modified":"2021-11-18T12:25:50","modified_gmt":"2021-11-18T12:25:50","slug":"marbella-transfer","status":"publish","type":"page","link":"https:\/\/transfertomarbella.es\/es\/marbella-transfer\/","title":{"rendered":"MARBELLA TRANSFER"},"content":{"rendered":"<p>Viaja con ch\u00f3fer privado en veh\u00edculos MERCEDES al mejor precio, m\u00e1s barato que un taxi, tambi\u00e9n disponemos de veh\u00edculos con ch\u00f3fer disponibles por horas o d\u00edas, \u00a1cons\u00faltanos!<\/p>","protected":false},"excerpt":{"rendered":"<p>Viaja con ch\u00f3fer privado en veh\u00edculos MERCEDES al mejor precio, m\u00e1s barato que un taxi, tambi\u00e9n disponemos de veh\u00edculos con ch\u00f3fer disponibles por horas o d\u00edas, \u00a1cons\u00faltanos!<\/p>","protected":false},"author":1,"featured_media":704,"parent":0,"menu_order":0,"comment_status":"closed","ping_status":"closed","template":"","meta":{"om_disable_all_campaigns":false,"_monsterinsights_skip_tracking":false,"_monsterinsights_sitenote_active":false,"_monsterinsights_sitenote_note":"","_monsterinsights_sitenote_category":0,"footnotes":""},"class_list":["post-139","page","type-page","status-publish","has-post-thumbnail","hentry"],"_links":{"self":[{"href":"https:\/\/transfertomarbella.es\/es\/wp-json\/wp\/v2\/pages\/139","targetHints":{"allow":["GET"]}}],"collection":[{"href":"https:\/\/transfertomarbella.es\/es\/wp-json\/wp\/v2\/pages"}],"about":[{"href":"https:\/\/transfertomarbella.es\/es\/wp-json\/wp\/v2\/types\/page"}],"author":[{"embeddable":true,"href":"https:\/\/transfertomarbella.es\/es\/wp-json\/wp\/v2\/users\/1"}],"replies":[{"embeddable":true,"href":"https:\/\/transfertomarbella.es\/es\/wp-json\/wp\/v2\/comments?post=139"}],"version-history":[{"count":2,"href":"https:\/\/transfertomarbella.es\/es\/wp-json\/wp\/v2\/pages\/139\/revisions"}],"predecessor-version":[{"id":1182,"href":"https:\/\/transfertomarbella.es\/es\/wp-json\/wp\/v2\/pages\/139\/revisions\/1182"}],"wp:featuredmedia":[{"embeddable":true,"href":"https:\/\/transfertomarbella.es\/es\/wp-json\/wp\/v2\/media\/704"}],"wp:attachment":[{"href":"https:\/\/transfertomarbella.es\/es\/wp-json\/wp\/v2\/media?parent=139"}],"curies":[{"name":"wp","href":"https:\/\/api.w.org\/{rel}","templated":true}]}}

<p>Viaja con chófer privado en vehículos MERCEDES al mejor precio, más barato que un taxi, también disponemos de vehículos con chófer disponibles por horas o días, ¡consúltanos!</p>
